Let a be (-7)/(-14) + (-66)/u. Suppose 3*r + 2 - a = 0. What are the prime factors of r?
5
Let m(w) = -10*w**3 - w**2 + 1. Let r be m(1). Let z = r - -4. Let h = 13 - z. What are the prime factors of h?
19
Let g(i) = i + 3 + 4 - 2*i**3 - 4*i**2 - 2 - 3. Let l be g(-3). Suppose 4*k = 43 + l. List the prime factors of k.
3, 5
Suppose 4*t + 16 = 0, -l - 5*t = 3*l - 20. What are the prime factors of l?
2, 5
Let m = 221 + -131. List the prime factors of m.
2, 3, 5
Suppose -2*j - 12 = -5*j. Suppose -j*g + 2*b = -194, -2*b + 198 = 4*g - 0*b. What are the prime factors of g?
7
Let v = 14 + 4. Let n be v - ((-3)/(-1))/3. Let c = 4 + n. List the prime factors of c.
3, 7
Suppose 6*d - 3*d = 9. Let t be 2*-4 + (2 - d). Let b = t - -11. List the prime factors of b.
2
Suppose -4*d + 3156 = 3*q - 745, 0 = -q + 5*d + 1332. What are the prime factors of q?
1307
Suppose 5*g + 6*x - 4*x = 11, -2*g = -2*x - 10. Suppose 4*z = -4*y + 112, -g*y - z = 3*z - 79. List the prime factors of y.
3, 11
Let y be ((-14)/5)/((-2)/(-130)). Let j = -115 + 103. What are the prime factors of y/j - 2/12?
3, 5
Suppose -100 = 2*w - 16. Let i = w - -120. List the prime factors of i.
2, 3, 13
Suppose -r = -0 + 3. Let i(q) = q**3 + 6*q**2 - 3*q - 3. Let v(x) = -x**3 - 5*x**2 + 3*x + 2. Let f(t) = 5*i(t) + 6*v(t). What are the prime factors of f(r)?
3, 5
Suppose -41*j + 246899 - 75314 = 0. What are the prime factors of j?
3, 5, 31
Let l be ((-2)/6)/(15/90). What are the prime factors of (l/4)/((-2)/76)?
19
Suppose -6356 = d - 5*d + 2*p, -p + 1589 = d. List the prime factors of d.
7, 227
Suppose -5*o + 10 = -3*u + 8*u, -5*u = -o - 10. Let h be ((-5)/(-30))/(u/12). Let j(p) = 35*p**3 - p**2 + 2*p - 1. List the prime factors of j(h).
5, 7
Let a = 1417 + -707. List the prime factors of a.
2, 5, 71
Let k(c) = -c**2 - 64*c - 82. What are the prime factors of k(-44)?
2, 3, 7, 19
Suppose -15241 = -31*i + 538. List the prime factors of i.
509
Let t be (18/(-3))/((-3)/2). Let x be 0 - (-2 - -2)/t. Suppose 3*h + x*h - r - 38 = 0, -h - r = -10. List the prime factors of h.
2, 3
Let f be (-412)/14 - (-9)/21. Let w = f - -81. Suppose 3*u = u + w. List the prime factors of u.
2, 13
Suppose 3*i = 3*v - 21, 4*i + 0*i + 13 = -v. Suppose -10 = -l - 5*a, -v = 2*a - 5. Suppose l*c = -u + 94, -4*u + u - 3 = 0. List the prime factors of c.
19
Suppose -3*j + k = -4*j + 335, 4*j = -2*k + 1350. What are the prime factors of j?
2, 5, 17
Let r = 9 + 6. Suppose y - 3*l + 4*l = 5, -5*l + r = 3*y. Let o = y + 8. List the prime factors of o.
13
Suppose -3*q - d + 3312 = 0, 3*d + 5 = -4. List the prime factors of q.
5, 13, 17
Suppose 0 = -2*u - 3*h + 4, 22 = -5*u + 5*h + 7. Let j = u - 5. Let q(r) = -2*r + 1. List the prime factors of q(j).
13
Let g = 820 + -532. List the prime factors of g.
2, 3
Suppose 4*k + 6 = i, -4*i + 2*i = -2*k - 30. What are the prime factors of i?
2, 3
Suppose 21*m = 27*m + 48. What are the prime factors of 7/(-56) + (-601)/m?
3, 5
Suppose -2*j = 4*b + 1328, 5*b + j + 3*j + 1663 = 0. Let q = -236 - b. Suppose -4*k - k + q = 5*r, -2*r - k + 42 = 0. What are the prime factors of r?
23
List the prime factors of -20*(-606)/(-18)*3/(-2).
2, 5, 101
Let y(z) = 95*z + 3449. What are the prime factors of y(0)?
3449
Suppose -2*n + 7172 = 9*n. Let y = -418 + n. List the prime factors of y.
2, 3, 13
Let m = -16 - -16. Suppose 5*c + 5 + 5 = m. List the prime factors of ((-3)/c)/(9/84).
2, 7
Suppose -x - 128 = -25. Let y = 70 + x. List the prime factors of (-17)/(-3) + 22/y.
5
Let v be 4 - (4 + -2)*-10. Suppose v*s - 25*s = -225. What are the prime factors of s?
3, 5
Let h be 0/(2*(-2 + 3)). Suppose -2*c - 106 - 2 = -3*y, 5*y + 5*c - 205 = h. List the prime factors of y.
2, 19
Let t = 149 - 86. Suppose -t = -6*g + 3*g. What are the prime factors of g?
3, 7
Suppose -32*c + 5*c + 11772 = 0. What are the prime factors of c?
2, 109
List the prime factors of (35/10)/(((-18)/536)/(-9)).
2, 7, 67
Let z(j) = 100*j**2 - 6*j - 20. List the prime factors of z(-3).
2, 449
Let d(n) = 3*n + 6. Let p be d(-2). Suppose 5*l - 10 = p, 4*r = -3*l + 5*l + 288. List the prime factors of r.
73
Suppose -1656 = 21*v - 29*v. Let r = -99 + v. List the prime factors of r.
2, 3
Suppose -67*c = -1465 - 277. What are the prime factors of c?
2, 13
Let h = 4 + -4. Suppose 3*b - 4*z - 190 = h, -b = 3*b - 2*z - 250. List the prime factors of b.
2, 31
Let a = -13 + 11. Let j be -1 + (-2)/(a/(-27)). Let g = j - -47. What are the prime factors of g?
19
Let a(h) = -h**3 + 5*h**2 - 4*h + 28. Let g(v) = v**2 - v + 1. Let m(o) = a(o) - 4*g(o). What are the prime factors of m(0)?
2, 3
Suppose f + 3*f - 20 = 0, -5*f + 17 = 4*o. What are the prime factors of 1184/(-8)*2/(o + 0)?
2, 37
Suppose -4*r + 2*y = -25 + 9, -13 = -r - 4*y. Suppose 172 = k + b, b + 384 = r*k - 452. List the prime factors of k.
2, 3, 7
Let g(i) = -15*i**2 + i + 6. Let n be g(-2). What are the prime factors of 229/7 - (-4 - 208/n)?
3, 11
Let m be ((-10)/(-4))/(6/12). Suppose 5*p - 20 = -m. List the prime factors of 6/1*2/p.
2
List the prime factors of (-6)/(-5) + (-30468)/(-60).
509
Let i be -76*(-5)/(80/12). Let u = 99 - i. What are the prime factors of u?
2, 3, 7
Suppose 28 - 104 = -2*i. Let p = i + -35. Suppose 65 = 2*s - p*j, -4*s + 2*j + j = -145. What are the prime factors of s?
2, 5
Let d be (-292)/6*(-6)/4. Let m = d - -14. List the prime factors of m.
3, 29
Let j = 22 - 16. Suppose -2*f = f - j. Suppose z + r + 52 = 4*z, -4 = -f*r. List the prime factors of z.
2, 3
Let g = 1438 - 259. What are the prime factors of g?
3, 131
Let y(p) = -p**3 - 34*p**2 + 57*p + 25. List the prime factors of y(-36).
5, 113
Let s(l) = 7*l - 77. Suppose 5*t = 6 + 79. List the prime factors of s(t).
2, 3, 7
Suppose 0*u + 12 = 3*u. Let i = -1 - u. Let x = 13 - i. List the prime factors of x.
2, 3
List the prime factors of 6054 + (8 + -4)/4.
5, 7, 173
List the prime factors of (-4)/(-5)*15240/48.
2, 127
Suppose 4*y + 2*p = y + 4045, -3*p = 12. List the prime factors of y.
7, 193
Let v(s) = -3*s**3 - 6*s**2 - 8*s - 9. Let g be v(-4). Suppose -g - 81 = -5*f. List the prime factors of f.
2, 5
Let p(b) = 10*b - 11. Let n be p(4). Let a = n + -27. Suppose -a*m + 5 = -21. List the prime factors of m.
13
Suppose 0 = -8*l + 5*l + 5*g + 2089, 0 = g - 4. List the prime factors of l.
19, 37
Let q(h) be the first derivative of 5*h**4/4 - 2*h**3/3 - 5*h**2/2 + 2*h - 3. Let g be q(3). Suppose 0 = -5*k + 21 + g. What are the prime factors of k?
5
Suppose 0 = 3*j - w - 2 + 16, 0 = 2*j + 4*w + 28. Let z = j - -21. Let m = z + 5. List the prime factors of m.
2, 5
Suppose -3*x + 2*d + 2*d = -19, 2*d + 23 = 3*x. Suppose 13*c = x*c + 68. List the prime factors of c.
17
Let f(h) = 1 - 3 - 5*h + 8*h**2 + 3 - h**3 - 3. Let p be f(7). Let i = p + -9. List the prime factors of i.
3
Let a(z) be the first derivative of -16*z**2 - 2*z + 10. What are the prime factors of a(-1)?
2, 3, 5
Let d = 201 + 586. List the prime factors of d.
787
Suppose 1593 = -21*g + 8334. What are the prime factors of g?
3, 107
Let t(d) = -d**3 + 6*d**2 - 9*d - 4. Let k be t(4). What are the prime factors of (-169)/(-3) + k/6?
5, 11
Let j be (40/5)/(-1 + 3). Suppose -4*k + 5*x - 33 = 0, -j*k + x + 36 = 81. What are the prime factors of k - -79 - (0 + 0)?
67
Let o be (-12)/16 - (-805)/(-20). Let d = -31 - o. What are the prime factors of d?
2, 5
Let s be 6/3 - 3 - (-2 + -8). Suppose -s*l + 301 = -50. What are the prime factors of l?
3, 13
Let r(q) = -13*q - 50. Suppose -33 = j + 5*f, -3*j - 3*f - 2 = 37. What are the prime factors of r(j)?
2, 3
Suppose l = -5*l - 2388. Let i = -118 - l. List the prime factors of i.
2, 5, 7
Let w(x) = -x**2 - 7*x - 4. Let q be w(-4). Suppose -q*i - 45 = -3*i. Let c = i + 26. List the prime factors of c.
17
Suppose -2*f + 3*x + 11 = 0, -2*x - 21 = 3*f + x. List the prime factors of 1794/16 - f/(-16).
2, 7
Let b(o) = -o**2 + o + 13. Let n be b(5). Let r(z) = -z**3 - 7*z**2 - 5*z - 10. What are the prime factors of r(n)?
5
Suppose z = 2*o - 5 + 2, 3*o + 34 = -2*z. Let a(b) = -109 + 48 + 54 - 2*b. What are the prime factors of a(z)?
3, 5
Let r(w) be the third derivative of w**6/120 - w**5/60 + w**4/12 + 29*w**3/3 + 4*w**2. Let d be 3 + 5 + -5 + (-1 - 2). List the prime factors of r(d).
2, 29
Let z(t) = -2*t**3 - 21*t